
Suppose -35*y + 39*y - 5108 = 3*v, v = 4*y - 5116. Calculate the greatest common factor of 1520 and y.
80
Let a(f) = 10*f**2 + 2*f + 1. Let x be a(-2). Suppose 28*z = -618 + 8906. Calculate the greatest common factor of x and z.
37
Suppose -389224 + 187650 = -63*l + 204524. Calculate the greatest common divisor of 154 and l.
22
Let z(p) = -p**2 + 7*p + 22. Suppose -a = -0*a - 6. Let h = a - -1. Let i be z(h). Calculate the greatest common factor of 198 and i.
22
Suppose -188*x - 11309 = -3*n - 183*x, 2*x - 4 = 0. Calculate the highest common divisor of n and 55.
11
Suppose -95 + 95 = 2*p. Suppose 5*b - 14 = v, 2*v - v + 5*b - 26 = p. What is the greatest common factor of v and 9?
3
Let q be 5 - (-17 - (2 + -8)). Suppose 76 = -4*n + 4*g, -n - 2*g = -7*g + 3. Let f = n + 39. Calculate the greatest common factor of f and q.
16
Let t(f) = 2*f**3 - 7*f**2 - 41*f - 27. Let w be t(9). Calculate the highest common factor of w and 440.
55
Let v(u) = -14*u - 82. Let a be v(-13). Let x = a - 98. Calculate the greatest common factor of 38 and x.
2
Suppose 47 - 71 = -4*t. Suppose -t*r + 77 = r. What is the highest common factor of r and 176?
11
Suppose 9*w - 114*w - 9938 + 109583 = 0. What is the highest common divisor of 584 and w?
73
Suppose 4*r + 12*t - 327 = 9*t, 2*t = -4*r + 326. Calculate the greatest common divisor of 144 and r.
9
Suppose -6*n + 18 = -0*n. Suppose n*j + 3*w = 291, 3*w - 350 = -5*j + 127. Let s = -89 + j. Calculate the highest common divisor of 4 and s.
4
Let u be (-112)/24*6/(-4). Suppose u*f - 16*f = -1134. Calculate the greatest common factor of 7 and f.
7
Suppose -85*g = -86*g - 232. Let m = 240 + g. What is the greatest common divisor of 16 and m?
8
Let g(j) = 23*j + 14. Suppose -5*b + z - 10 = 0, -4*b + 0*b = -2*z + 2. Let x be g(b). Let h = x - -67. What is the highest common factor of h and 42?
6
Suppose 43*z - 99 = 34*z. Let y be 3 + z/(-3) - 7224/(-36). Let q = 42 - 17. What is the highest common divisor of q and y?
25
Let k(w) = 17*w**2 + 1453*w + 33. Let d be k(-86). What is the highest common factor of d and 48?
3
Let l be ((-27)/(-15))/((-90)/(-900)). Let h = -2 - -5. Suppose 0 = -i + h + 15. Calculate the greatest common divisor of i and l.
18
Let l be (-3)/7 + (-63585)/(-189). Let i be (2/(-4))/((-14)/l). What is the greatest common factor of 108 and i?
12
Let w(x) = 502*x - 4383. Let t be w(11). What is the highest common divisor of 335 and t?
67
Let y(f) = f**2 - 30*f - 1769. Let l be y(-35). Calculate the greatest common divisor of l and 22.
22
Let y(n) = 251*n - 1. Let x be y(3). Suppose 5*i - 235 = 2*h, 4*i - 5*h - 18 - 170 = 0. Calculate the greatest common factor of i and x.
47
Let n be (-24297)/(-455) - 4/10. What is the highest common divisor of n and 2?
1
Let v = 18 - 28. Let a be -3*v/6 + -4. Suppose 2 = 3*n + f, 0 = -n - 4*f + 2*f - 1. Calculate the greatest common divisor of n and a.
1
Let c(u) = u**3 + 13*u**2 + 10*u - 18. Let y be c(-12). Suppose 4*v - 696 = 4*b, 357 = 8*v - y*v + b. Calculate the highest common factor of v and 59.
59
Let j be (26/(-39) - (-424)/6)*1. What is the highest common factor of j and 1090?
10
Suppose 0 = 4*n + 5*u - 7504, 6*n - 2*u - 11302 = 2*u. What is the highest common divisor of 22 and n?
11
Suppose 6*o - 3*o - 65 = 2*v, -148 = -7*o + v. Calculate the greatest common factor of 33537 and o.
21
Suppose -33*y + 2597 = 749. Let i be ((-604)/4)/(-1) - -3. What is the highest common factor of y and i?
14
Let c(y) = y**3 + 16*y**2 + 32*y - 12. Let q(k) = -k - 15. Let x be q(-2). Let m be c(x). What is the highest common divisor of m and 1264?
79
Suppose m + 2*k - 2993 = -92, 0 = k - 1. Calculate the greatest common divisor of 892 and m.
223
Let g be (-7 - (-195)/26)/(3 - 154/52). Let c(t) = -t - 2. Let u be c(-4). Calculate the greatest common factor of u and g.
1
Let o = -387 + 642. Let v = -241 + o. What is the highest common factor of v and 322?
14
Suppose 7600 = 36*q - 16412. Let g(t) = t**3 - 8*t**2 - 6*t - 4. Let v be g(9). What is the highest common factor of q and v?
23
Let h(w) = -w**3 + 6*w**2 + 5. Let t be h(5). Suppose 14*g - 9*g = -45. Let l be (-30)/((-1 - 1) + (-15)/g). What is the highest common factor of l and t?
30
Suppose -2*k - 305 = -3*r - 7*k, -5*k - 25 = 0. Suppose 163*a - 158*a = 50. Let l = 12 + a. What is the greatest common divisor of r and l?
22
Suppose 0*n = -15*n + 570. Suppose 12 = -4*k, 3*l + 2*k + 975 = 6*l. Calculate the greatest common factor of l and n.
19
Let t = -182 + 126. Let m(f) = -9*f - 67. Let l be m(-7). Let s be -1 - 1 - t - l. What is the greatest common factor of 638 and s?
58
Let n be -1*(-6)/4*(-25 + 15). Let h(l) = -39*l + 429. Let m be h(n). Calculate the greatest common divisor of 6 and m.
6
Let q = 12389 + -11962. What is the highest common divisor of q and 7?
7
Let k(q) = -q + 16. Let z be k(17). Let i be z + 3 - 2 - -3 - 1. Let b(r) = -r**2 + r + 18. Let t be b(0). Calculate the highest common factor of t and i.
2
Suppose 8591*x - 8586*x - 4097 = -2*l, 0 = -3*l - 2*x + 6140. Calculate the highest common factor of l and 99.
33
Let a = 47 + -14. Let w = -457 + 503. Suppose -34*o = -a*o - w. Calculate the highest common factor of 69 and o.
23
Let k = -54 - -57. Suppose 5*i = s - 1202, 0*i - 3587 = -k*s - 4*i. Suppose -1403 = -10*q + s. What is the highest common factor of q and 20?
20
Let n be (-6)/(-45) + 176/30. Let i(f) = 4*f - f + n*f**2 + f**2 - 3*f**2. Let z be i(3). What is the greatest common divisor of 5 and z?
5
Let z = 4021 + -3994. Let l(a) = a**2 + 8*a + 2. Let p be l(-4). Let v = p + z. What is the highest common factor of 13 and v?
13
Suppose 3*b - 2*r = 2*r + 10, -3*b + 26 = 4*r. Let l be (-4)/(-3)*(b - (-1 - 14)). Suppose 2*n - l - 4 = 0. Calculate the greatest common factor of 4 and n.
4
Let o be (-212)/(-20) - (-6)/15. Let m(d) = -d**3 + 39*d**2 - 187*d - 77. Let j be m(33). Calculate the greatest common divisor of j and o.
11
Let y(d) = -6*d - 3. Let i be y(-10). Suppose 33 = 5*r - i. Let z(l) = l + 9. Let v be z(-7). Calculate the highest common divisor of v and r.
2
Let a = 7 - 15. Let t(n) = -18*n + 1 - 3 + 0 + 14*n. Let x be t(a). What is the greatest common factor of x and 15?
15
Let j = -923 + 946. Let r(g) = -g**3 + 23*g**2 + 126. Let p be r(j). What is the highest common divisor of 18 and p?
18
Suppose 4*h + 114 = 3*w, -5*w + 3*h = h - 190. Let s be 2/(w/12 + -3). Suppose 2*o = 40 + 20. What is the highest common factor of s and o?
6
Suppose 6*z - o - 6 = 4*z, 0 = 4*z + o - 24. Suppose 366 = 4*q - r, -3*q - 102 = -4*q - z*r. Calculate the greatest common divisor of 23 and q.
23
Suppose 1584 = -238*i + 260*i. Calculate the highest common factor of 4086 and i.
18
Let j(a) = 30*a - 15*a - 3 + a**2 - 1 + 32. Let v be j(-13). Suppose v*p + 3*c - 29 - 14 = 0, -3*p + 4*c = -56. Calculate the highest common factor of 8 and p.
4
Let b = 6704 + -4896. What is the highest common factor of b and 32?
16
Let g(w) = 44*w + 32. Let q be g(5). Suppose 0 = 33*f - 39*f + q. What is the greatest common factor of 14 and f?
14
Suppose 103*h - 108*h = 5*y - 185, -12 = -4*y. What is the highest common factor of 242 and h?
2
Suppose 2115 = 30*f - 15975. Calculate the highest common divisor of 12 and f.
3
Suppose 0*h - 2*h = -18. Let u be (-1)/(1 - (3 - 3)) - -5. Suppose -u = 5*a - 7*a. Calculate the greatest common factor of h and a.
1
Let u = -37400 - -56741. Calculate the greatest common factor of u and 63.
63
Let x be 14/28 + (-85)/(-4)*22. Let r = 1904 + -1868. Calculate the greatest common divisor of x and r.
36
Let s be 12/(14/(-140) - (-47)/270). What is the greatest common divisor of s and 594?
54
Suppose -2*p + 4*l + 2822 = 0, l + 3959 = 5*p - 3141. Let u = -23914 + 23963. Calculate the greatest common divisor of u and p.
49
Let s = 60 - 110. Suppose 4 + 20 = 2*z. Let l be s/(-1) + (-36)/z. Calculate the greatest common divisor of 517 and l.
47
Suppose -2*f + 68 + 8 = 2*k, -4*f - 135 = -3*k. Suppose -42*v + k*v = -2. Calculate the greatest common divisor of v and 34.
2
Let h be (5/(-75)*3)/(5/(-1625)). Calculate the highest common divisor of h and 3835.
65
Suppose -5*w = -k + 150, 5*w = -4*k + 464 - 14. What is the highest common divisor of k and 2010?
30
Let o(c) = -569*c + 10403. Let v be o(18). What is the